 by 33?
9
What is the remainder when 9795 is divided by 2448?
3
Calculate the remainder when 6556 is divided by 844.
648
What is the remainder when 878 is divided by 688?
190
Calculate the remainder when 343662 is divided by 35.
32
What is the remainder when 6680 is divided by 3326?
28
What is the remainder when 517436 is divided by 147?
143
Calculate the remainder when 70296 is divided by 1192.
1160
What is the remainder when 12301 is divided by 4087?
40
What is the remainder when 1976 is divided by 1706?
270
Calculate the remainder when 462 is divided by 55.
22
Calculate the remainder when 45230 is divided by 582.
416
What is the remainder when 30429 is divided by 17?
16
Calculate the remainder when 10284 is divided by 113.
1
Calculate the remainder when 2139268 is divided by 713083.
19
Calculate the remainder when 2611 is divided by 55.
26
What is the remainder when 36555 is divided by 239?
227
What is the remainder when 22298 is divided by 3986?
2368
Calculate the remainder when 4500 is divided by 259.
97
Calculate the remainder when 3003 is divided by 52.
39
Calculate the remainder when 41574 is divided by 43.
36
Calculate the remainder when 4253 is divided by 492.
317
What is the remainder when 1369 is divided by 364?
277
What is the remainder when 76005 is divided by 1402?
297
What is the remainder when 357291 is divided by 15534?
9
What is the remainder when 16728 is divided by 932?
884
Calculate the remainder when 5117 is divided by 190.
177
Calculate the remainder when 593421 is divided by 98903.
3
What is the remainder when 1367 is divided by 275?
267
Calculate the remainder when 72409 is divided by 85.
74
Calculate the remainder when 491 is divided by 122.
3
What is the remainder when 29507 is divided by 144?
131
What is the remainder when 584690 is divided by 69?
53
What is the remainder when 4764 is divided by 526?
30
What is the remainder when 3552 is divided by 194?
60
What is the remainder when 10436 is divided by 177?
170
What is the remainder when 23096 is divided by 88?
40
Calculate the remainder when 1464 is divided by 1072.
392
Calculate the remainder when 335911 is divided by 96.
7
What is the remainder when 330328 is divided by 165163?
2
What is the remainder when 17683 is divided by 27?
25
Calculate the remainder when 58347 is divided by 29160.
27
Calculate the remainder when 625 is divided by 124.
5
What is the remainder when 634659 is divided by 414?
411
What is the remainder when 7941 is divided by 159?
150
What is the remainder when 1204 is divided by 17?
14
Calculate the remainder when 3836 is divided by 1252.
80
What is the remainder when 6444 is divided by 124?
120
Calculate the remainder when 3932 is divided by 1951.
30
Calculate the remainder when 104650 is divided by 49.
35
What is the remainder when 14082 is divided by 1253?
299
Calculate the remainder when 52523 is divided by 191.
189
Calculate the remainder when 18863 is divided by 151.
139
What is the remainder when 26507 is divided by 552?
11
Calculate the remainder when 15974 is divided by 13.
10
Calculate the remainder when 7000 is divided by 6631.
369
What is the remainder when 27343 is divided by 719?
21
What is the remainder when 11859 is divided by 112?
99
Calculate the remainder when 71658 is divided by 228.
66
Calculate the remainder when 5519039 is divided by 1917.
1913
What is the remainder when 1457526 is divided by 223?
221
What is the remainder when 6539 is divided by 68?
11
What is the remainder when 54407 is divided by 160?
7
What is the remainder when 24764 is divided by 131?
5
Calculate the remainder when 534395 is divided by 106871.
40
What is the remainder when 7455 is divided by 113?
110
What is the remainder when 91556 is divided by 14?
10
What is the remainder when 1067086 is divided by 516?
514
What is the remainder when 432 is divided by 90?
72
What is the remainder when 27159 is divided by 182?
41
Calculate the remainder when 308228 is divided by 108.
104
What is the remainder when 7619333 is divided by 99?
95
Calculate the remainder when 2734 is divided by 175.
109
Calculate the remainder when 267045 is divided by 53405.
20
What is the remainder when 429 is divided by 377?
52
Calculate the remainder when 15897 is divided by 204.
189
What is the remainder when 25666 is divided by 107?
93
Calculate the remainder when 119862 is divided by 4133.
5
Calculate the remainder when 37620 is divided by 18765.
90
Calculate the remainder when 23282 is divided by 224.
210
What is the remainder when 5993 is divided by 5981?
12
Calculate the remainder when 1521816 is divided by 591.
582
What is the remainder when 334 is divided by 103?
25
What is the remainder when 2349 is divided by 24?
21
Calculate the remainder when 3886 is divided by 3809.
77
What is the remainder when 148711 is divided by 298?
9
Calculate the remainder when 20015 is divided by 387.
278
What is the remainder when 3266 is divided by 48?
2
Calculate the remainder when 1891293 is divided by 1194.
1191
Calculate the remainder when 19750 is divided by 24.
22
What is the remainder when 81141 is divided by 15?
6
Calculate the remainder when 185737 is divided by 304.
297
What is the remainder when 366901 is divided by 963?
961
What is the remainder when 38952 is divided by 90?
72
Calculate the remainder when 70559 is divided by 63.
62
Calculate the remainder when 7730 is divided by 11.
8
What is the remainder when 10219 is divided by 1791?
1264
Calculate the remainder when 55103 is divided by 18247.
362
What is the remainder when 363212 is divided by 3?
2
What is the remainder when 990 is divided by 102?
72
Calculate the remainder when 112246 is divided by 14.
8
Calculate the remainder when 11430 is divided by 216.
198
Calculate the remainder when 31774 is divided by 155.
154
What is the remainder when 152487 is divided by 37?
10
What is the remainder when 96043 is divided by 99?
13
Calculate the remainder when 69149 is divided by 45.
29
Calculate the remainder when 9204 is divided by 1645.
979
What is the remainder when 266524 is divided by 1206?
1204
Calculate the remainder when 66967 is divided by 5580.
7
What is the remainder when 11337 is divided by 10909?
428
What is the remainder when 4835 is divided by 665?
180
What is the remainder when 27032 is divided by 118?
10
Calculate the remainder when 139305 is divided by 52.
49
What is the remainder when 125024 is divided by 42?
32
What is the remainder when 107643 is divided by 462?
459
Calculate the remainder when 471326 is divided by 1841.
30
What is the remainder when 12042 is divided by 446?
0
Calculate the remainder when 5569 is divided by 2637.
295
What is the remainder when 113620 is divided by 18933?
22
What is the remainder when 2119 is divided by 422?
9
What is the remainder when 7457 is divided by 3691?
75
Calculate the remainder when 14347 is divided by 4779.
10
Calculate the remainder when 73275 is divided by 12.
3
Calculate the remainder when 134074 is divided by 107.
3
Calculate the remainder when 812351 is divided by 5452.
3
Calculate the remainder when 101149 is divided by 2.
1
What is the remainder when 2431 is divided by 361?
265
Calculate the remainder when 58134 is divided by 91.
76
What is the remainder when 199328 is divided by 588?
584
What is the remainder when 3007 is divided by 244?
79
What is the remainder when 3716 is divided by 465?
461
What is the remainder when 7711 is divided by 276?
259
Calculate the remainder when 18236 is divided by 152.
148
What is the remainder when 15704 is divided by 15?
14
Calculate the remainder when 24888 is divided by 437.
416
Calculate the remainder when 1035 is divided by 605.
430
Calculate the remainder when 23876 is divided by 48.
20
What is the remainder when 52807 is divided by 10560?
7
What is the remainder when 153986 is divided by 115?
1
Calculate the remainder when 22111 is divided by 442.
11
What is the remainder when 19321 is divided by 16?
9
What is the remainder when 104104 is divided by 1084?
40
What is the remainder when 3326 is divided by 9?
5
What is the remainder when 302058 is divided by 232?
226
What is the remainder when 31993 is divided by 10573?
274
What is the remainder when 29952 is divided by 88?
32
Calculate the remainder when 27790 is d